6?
4
Calculate the highest common divisor of 7 and 4.
1
What is the highest common divisor of 27440 and 28?
28
Calculate the highest common divisor of 15030 and 270.
90
What is the highest common divisor of 240 and 435?
15
Calculate the greatest common divisor of 3762 and 27.
9
What is the greatest common factor of 34 and 578?
34
What is the highest common divisor of 2580 and 150?
30
What is the greatest common factor of 56 and 2072?
56
Calculate the greatest common factor of 2 and 86.
2
What is the highest common factor of 147 and 5831?
49
Calculate the greatest common divisor of 1965 and 9956.
131
What is the greatest common divisor of 12 and 6012?
12
Calculate the greatest common divisor of 17253 and 426.
213
Calculate the highest common factor of 1001 and 253.
11
What is the greatest common factor of 45 and 9270?
45
Calculate the greatest common divisor of 1199 and 22.
11
What is the highest common factor of 34580 and 728?
364
Calculate the greatest common divisor of 198 and 110.
22
What is the greatest common divisor of 815 and 2?
1
Calculate the greatest common divisor of 35 and 5.
5
Calculate the highest common divisor of 138 and 4.
2
What is the highest common divisor of 16 and 176?
16
Calculate the greatest common divisor of 210 and 150.
30
What is the highest common divisor of 23232 and 22?
22
Calculate the highest common divisor of 24 and 972.
12
Calculate the highest common divisor of 60 and 660.
60
Calculate the greatest common divisor of 917 and 7.
7
Calculate the greatest common factor of 81 and 864.
27
What is the greatest common factor of 76 and 68?
4
What is the greatest common factor of 114 and 24909?
57
Calculate the highest common divisor of 2 and 16.
2
What is the greatest common factor of 2324 and 7?
7
What is the greatest common factor of 9 and 144?
9
Calculate the highest common divisor of 7 and 1393.
7
Calculate the highest common factor of 260 and 100.
20
Calculate the greatest common factor of 100 and 14950.
50
Calculate the highest common factor of 9 and 69.
3
What is the highest common factor of 16 and 232?
8
What is the highest common factor of 1078 and 1911?
49
Calculate the greatest common factor of 22 and 19140.
22
Calculate the highest common divisor of 320 and 5360.
80
Calculate the greatest common divisor of 357 and 42.
21
What is the highest common factor of 47 and 47?
47
Calculate the greatest common factor of 10017 and 189.
189
Calculate the highest common factor of 87 and 145.
29
Calculate the highest common factor of 180 and 100.
20
What is the highest common divisor of 220 and 60?
20
Calculate the highest common divisor of 68730 and 290.
290
Calculate the greatest common factor of 48 and 264.
24
Calculate the greatest common factor of 6564 and 48.
12
Calculate the highest common factor of 6254 and 1888.
118
What is the highest common divisor of 570 and 6?
6
Calculate the greatest common factor of 1968 and 48.
48
Calculate the greatest common factor of 48 and 300.
12
What is the highest common divisor of 2057 and 17?
17
What is the highest common divisor of 1547 and 476?
119
Calculate the highest common factor of 406 and 14.
14
Calculate the highest common divisor of 2660 and 570.
190
Calculate the highest common factor of 10200 and 15.
15
What is the greatest common factor of 406 and 1358?
14
Calculate the greatest common factor of 11 and 8371.
11
Calculate the greatest common divisor of 30 and 44.
2
What is the greatest common divisor of 288 and 18?
18
What is the highest common factor of 6 and 74?
2
What is the highest common divisor of 21 and 2919?
21
What is the highest common factor of 424 and 13780?
212
What is the greatest common divisor of 9152 and 156?
52
Calculate the highest common divisor of 860 and 1460.
20
What is the greatest common divisor of 345 and 255?
15
What is the greatest common divisor of 12261 and 183?
183
Calculate the greatest common divisor of 122 and 4514.
122
What is the highest common divisor of 1872 and 520?
104
What is the greatest common factor of 143 and 385?
11
Calculate the greatest common divisor of 84 and 36.
12
What is the highest common factor of 40 and 104?
8
What is the highest common divisor of 18093 and 333?
111
Calculate the highest common factor of 32 and 1184.
32
Calculate the greatest common divisor of 128 and 1088.
64
Calculate the highest common divisor of 39 and 143.
13
Calculate the greatest common divisor of 48 and 9336.
24
Calculate the greatest common factor of 320 and 240.
80
What is the highest common divisor of 19776 and 128?
64
What is the highest common divisor of 119 and 35?
7
What is the highest common divisor of 611 and 91?
13
What is the greatest common factor of 19 and 12103?
19
Calculate the highest common factor of 1065 and 1278.
213
What is the greatest common factor of 36 and 1098?
18
What is the greatest common divisor of 164 and 2501?
41
What is the greatest common divisor of 724 and 6697?
181
What is the greatest common factor of 190 and 76?
38
What is the greatest common divisor of 10 and 8250?
10
Calculate the highest common factor of 42 and 406.
14
Calculate the greatest common divisor of 6908 and 44.
44
Calculate the greatest common divisor of 148 and 42032.
148
Calculate the highest common factor of 176 and 2200.
88
Calculate the greatest common factor of 348 and 48.
12
What is the greatest common divisor of 495 and 220?
55
Calculate the greatest common factor of 2322 and 756.
54
Calculate the highest common divisor of 414 and 54.
18
What is the highest common factor of 9372 and 24?
12
Calculate the highest common divisor of 861 and 63.
21
Calculate the highest common factor of 189 and 207.
9
What is the highest common divisor of 3654 and 4?
2
What is the greatest common factor of 64 and 24?
8
What is the highest common factor of 616 and 70?
14
Calculate the highest common divisor of 4528 and 64.
16
What is the greatest common factor of 34405 and 35?
35
What is the highest common factor of 91 and 13?
13
Calculate the greatest common divisor of 10 and 150.
10
Calculate the greatest common divisor of 11 and 352.
11
Calculate the greatest common divisor of 221 and 117.
13
What is the highest common factor of 1725 and 50?
25
Calculate the greatest common divisor of 28 and 8316.
28
Calculate the greatest common divisor of 1098 and 244.
122
Calculate the highest common divisor of 1 and 84.
1
What is the greatest common divisor of 15722 and 14?
14
Calculate the highest common factor of 332 and 913.
83
What is the greatest common divisor of 350 and 125?
25
What is the highest common factor of 475 and 4940?
95
Calculate the highest common factor of 6430 and 10.
10
What is the greatest common divisor of 252 and 812?
28
Calculate the highest common factor of 50982 and 174.
174
Calculate the highest common divisor of 96 and 84.
12
What is the greatest common factor of 166 and 176?
2
Calculate the greatest common divisor of 6474 and 156.
78
What is the greatest common divisor of 304 and 2?
2
What is the greatest common factor of 32 and 928?
32
What is the highest common factor of 418 and 114?
38
Calculate the greatest common divisor of 85 and 1445.
85
Calculate the greatest common factor of 19 and 2071.
19
Calculate the greatest common divisor of 56 and 5530.
14
What is the highest common factor of 7 and 44?
1
Calculate the greatest common factor of 2115 and 30.
15
Calculate the greatest common divisor of 405 and 75.
15
Calculate the highest common factor of 3 and 5349.
3
Calculate the greatest common factor of 345 and 30.
15
What is the highest common factor of 392 and 539?
49
What is the greatest common divisor of 12 and 136?
4
Calculate the highest common factor of 806 and 858.
26
Calculate the highest common factor of 68 and 123080.
68
Calculate the greatest common factor of 18 and 378.
18
Calculate the greatest common factor of 11 and 193.
1
Calculate the greatest common factor of 3296 and 32.
32
Calculate the highest common factor of 427 and 183.
61
What is the greatest common divisor of 27 and 13212?
9
What is the highest common divisor of 992 and 62?
62
Calculate the greatest common divisor of 1880 and 752.
376
What is the greatest common factor of 392 and 1225?
49
What is the highest common factor of 47 and 4?
1
What is the